ose 5*f = 8*f - 147. What is the tens digit of f?
4
Let z = 26 - 26. Suppose 12*g - 8*g - 200 = z. What is the tens digit of g?
5
Let t be (-15)/(-20) + (-118)/8. Let b = 4 - t. What is the units digit of b?
8
Let k(g) = 2*g - 2. Let w(y) = 2 - y**2 + 6 - 3 + 5*y. Let v be w(5). What is the units digit of k(v)?
8
Let s = -107 + 173. What is the tens digit of s?
6
Let j = 10 - -58. What is the units digit of j?
8
Let d = 6 - 7. What is the units digit of (d/3)/(5/(-30))?
2
Let v(y) = -3*y - 9. Suppose -5*o - 1 = -6. Let j be (-17)/2 - o/(-2). What is the tens digit of v(j)?
1
Let j be (-2 - (-36)/15)*30. Let m = j - 3. What is the units digit of m?
9
Let j be 1/(1/9 - 0). Suppose -3*k - 4*h + 9 = -7*h, -2*k + h + 5 = 0. Suppose k*r = r + j. What is the units digit of r?
9
What is the units digit of (-87)/(-2) + 7/14?
4
Let j(i) = 2*i + 8. Let h be j(-9). Let n(d) = d**2 + 11*d + 13. What is the units digit of n(h)?
3
Let a(u) be the first derivative of -u**5/60 - u**4/6 - u**3 - 1. Let h(o) be the third derivative of a(o). What is the units digit of h(-5)?
6
Suppose 3*d - 6*d = -3*f - 69, 3*f = 0. What is the tens digit of d?
2
Suppose v + 25 = 6*v. Suppose v*l - c = -109, -l + 68 = -5*l - 4*c. Let f = 31 + l. What is the units digit of f?
0
What is the units digit of ((-63)/6)/(3/(-6))?
1
Suppose 10*m = 8*m + 304. What is the units digit of m?
2
What is the units digit of (-6)/(-6) - (-13 + -3)?
7
Let j(t) = -t - 6. Let f be j(-7). What is the units digit of -6 + 5 - -2*f?
1
Let j be (14/(-4))/(2/4). Let p(x) = -4*x + 2. Let o(h) = 5*h - 1. Let r(a) = -6*o(a) - 7*p(a). What is the units digit of r(j)?
6
Let x be 60/(-52) + (-4)/(-26). Let d(w) = -w + 1. Let i be d(x). What is the units digit of -1*i*1 + 3?
1
Suppose 3*p - 4*p + 79 = 0. Let g = p - 54. What is the units digit of g?
5
Let z(q) = q**2 - 5*q + 5. Let i be z(5). Let k = 18 - i. Suppose -3*v + 8 = -k. What is the units digit of v?
7
Suppose -69*x = -75*x + 594. What is the tens digit of x?
9
What is the units digit of (-6 + 4 + -146)/(-2)?
4
Suppose -3*o = 2*o - 15. What is the units digit of 10/o*(-36)/(-20)?
6
Suppose 3 = -5*j + 18. Suppose 5*c + j + 0 = -2*y, 5*c = y - 21. What is the units digit of y?
6
Let y = -96 + 192. What is the tens digit of y?
9
Let r = 167 + -59. What is the units digit of r?
8
Suppose -4*f + 7*f - 804 = -5*s, 4*s - 1080 = -4*f. What is the units digit of f?
3
What is the tens digit of (2 - 34)/(2 + 28/(-12))?
9
Suppose -q = -2*j - 2*q + 2, -q = -j + 4. Let u be (-1)/1*0/j. Let d = 5 - u. What is the units digit of d?
5
Let k be 1/(-1) - (-2)/(-2). Let h = k + 5. Suppose y - h = -0. What is the units digit of y?
3
Suppose -5 + 1 = -4*s. Let w(r) = -r**3 + r**2 + 1. Let c(h) = -7*h**3 + 5*h**2 + 2*h + 5. Let x(t) = -c(t) + 6*w(t). What is the units digit of x(s)?
1
Let z(n) = 2*n - 4. Let y be (-16)/(-6) - 6/(-18). Let j be z(y). Suppose j*v = -0*g + g + 11, 3*g = 4*v - 27. What is the units digit of v?
3
Suppose 6*h = h + 80. What is the units digit of h?
6
Let o(k) = -k**3 - 6*k**2 + 8*k + 3. Let x be o(-7). What is the units digit of (-135)/x - 9/12?
3
Let y = 107 + -46. What is the tens digit of y?
6
What is the units digit of (3 + 354/9)*3?
7
Suppose 51*l = 48*l + 114. What is the tens digit of l?
3
Let b = 8 + 17. What is the units digit of b?
5
Let w(a) = 60*a + 13. What is the tens digit of w(3)?
9
Let w(t) = -t - 13 + 9*t**2 - 4*t + t**3 + 7. What is the units digit of w(-9)?
9
Let p be (117/4)/((-2)/(-8)). Suppose -a + 4*a + p = 0. What is the units digit of a/(-6) + (-2)/4?
6
Suppose 2*h - 132 = -5*y, -y + 15 + 14 = 3*h. What is the units digit of y?
6
Let a(p) = -p**2 + 16*p + 14. Let x be a(14). Suppose 0 = -5*t - 3*r + 125, t - x = -3*r - r. What is the tens digit of t?
2
Let n(w) = w**3 - 6*w**2 - 5*w - 15. What is the tens digit of n(8)?
7
Suppose 3*n - 2*q = -6*q + 5, 3*n + 5*q - 4 = 0. What is the units digit of n?
3
Suppose -c + 2*j - 3*j + 53 = 0, -3*c - 4*j = -164. What is the tens digit of c?
4
Suppose 2 = -3*r - 1. Let w be (3/(-6))/(r/6). What is the units digit of (-2)/6 + 10/w?
3
Let z = 4 - 2. Suppose 0 = 2*c - h + z*h, c + 14 = -4*h. Suppose -a = c*y - 2*a, -3*y - 3 = -3*a. What is the units digit of y?
1
Let x = 1 + -1. Suppose x = z - 4*z + 117. Suppose -4*f = -3*t - z, 2*t + 20 = 5*f + 4*t. What is the units digit of f?
6
Let o(a) = a - 6. Let m be o(5). Suppose 3*g + 26 = -5*v, 5*g + 9 + 5 = -v. What is the units digit of 10*g/4*m?
5
Suppose 24 = -5*t + 184. What is the units digit of t?
2
Suppose -2*l + 6 = -4. Suppose -5*t + 153 = 3*m + 59, -67 = -4*m + l*t. What is the units digit of m?
3
Let g be 346/4 + (-6)/12. Let z = g - -76. What is the units digit of (-2)/(-10) + z/15?
1
Suppose 4*p = -5*j + 6, 0 = 5*j - 2*p + 18 - 0. Let s(k) = -k**3 + 2*k. Let d be s(3). What is the units digit of (-1)/(j - 39/d)?
7
What is the hundreds digit of (-10 - 68)*16/(-6)?
2
Suppose 25*t - 26*t + 214 = 0. What is the units digit of t?
4
Let t(m) be the first derivative of m**4 - 2*m**3/3 - 2*m - 1. What is the units digit of t(2)?
2
Let m(j) = -j**3 + 7*j**2 - 6*j + 8. Let h be m(6). Suppose 4*w + 4*k = 8, -k + h = -w - 4*w. Let s = 4 + w. What is the units digit of s?
3
Let w be (-1)/2 - 2/4. Let r be 1*(-2 - w) + 10. Suppose 16 = 3*d + 2*l - r, l - 2 = 0. What is the units digit of d?
7
Suppose -172 = 2*j - 4*j. What is the tens digit of j?
8
Let s = 0 - 4. Let b = 2 - s. What is the units digit of b?
6
What is the tens digit of (11/2)/(5/10)?
1
Let b = 0 + 5. What is the tens digit of 146/b - 1/5?
2
Suppose 27 + 1 = 2*d. What is the tens digit of d?
1
What is the tens digit of 92*(-4 + 9/2)?
4
Let r = -2 + 31. What is the units digit of r?
9
What is the tens digit of (-105)/(-14)*(6 + 2)?
6
Suppose 329 = 5*u + 2*k - 5*k, u + 4*k = 52. Suppose 3*v - u = -5*l, 4*v + 50 = -l + 4*l. What is the tens digit of l?
1
Suppose 232 = 2*w - 4*r, -2*w + 5*r = -3*w + 109. Suppose -5*l + w = 9. What is the tens digit of l?
2
Let a = 19 - 3. What is the tens digit of a?
1
Suppose -93 = -4*x - z, 0*x + 3*x - 46 = 4*z. What is the units digit of x?
2
Suppose 62 - 262 = -8*u. Let b = 69 - u. What is the tens digit of b?
4
What is the tens digit of (8/(-4) + 1)*(-298)/2?
4
Suppose -4*s = -29 - 35. Suppose 3*y - 7*y + s = 0. What is the units digit of y?
4
Let i(d) = -d + 1. Let a be i(-4). Let p = a - 2. Suppose -x = p*x - 28. What is the units digit of x?
7
Let k(u) = -u**2 + u + 8. Let s be k(0). Let t(y) be the third derivative of y**5/60 - 7*y**4/24 - y**3/3 + 7*y**2. What is the units digit of t(s)?
6
Let p(d) = d**2 - 10*d + 9. Let g be p(9). Suppose -4*m + 52 = -g*m. What is the units digit of m?
3
Suppose -4*t - 2 = -5*t + 2*q, -2*q - 8 = -2*t. What is the tens digit of 2/t - 118/(-6)?
2
Let j = -10 - -41. Let f = j - 13. What is the tens digit of f?
1
Suppose 2*s + f = -f, 3*s - 2*f + 15 = 0. Let p = s - -4. What is the units digit of p?
1
Let b(r) = r**3 - 2*r**2 + 2*r + 2. Let j be b(2). Let p be (-3)/(-5) + j/15. Suppose p = -h + 2. What is the units digit of h?
1
Let j(u) = -3*u - 3. Let f(d) = -5*d**3 + 2*d**2 - 2*d + 1. Let w be f(1). What is the units digit of j(w)?
9
Let z = -56 - -93. What is the units digit of z?
7
Suppose 3*r = -3*o + 5 + 10, -3*o = 4*r - 19. What is the units digit of r?
4
Let v(p) = p**2 + p - 4. Suppose 5*j + 22 + 3 = 0, 3*j + 27 = -4*a. What is the units digit of v(a)?
2
Suppose 3*d - 6 = -27. Let u = 5 + d. What is the units digit of (u/5)/(2/(-30))?
6
Let f be (-3)/(3/2)*-2. Let h be 3/2 - (-26)/f. Suppose -4*o + 8 = 5*t, h = -2*t - 0. What is the units digit of o?
7
Let p = 28 + -22. What is the units digit of p?
6
Suppose 0 = -2*z + 3*s - 0*s + 81, s = -5*z + 228. Suppose z = 3*m + 3*d - 2*d, 5*m - 75 = -3*d. What is the units digit of m?
5
Let a be (2 - 2 - 3) + 1. What is the units digit of -3*(-38)/(-12)*a?
9
Suppose 1 = -3*c - 4*p, 4 = -5*p + p. Let g = 26 + c. What is the units digit of g?
7
Let a = -6 + 6. Suppose a = -s + 5. Let g = s + 0. What is the units digit of g?
5
Suppose 0 = -4*p - p, -5*a = 4*p + 345. Let b be 6/(-10) + a/(-15). Suppose -3*d + y = -10, -b*d - 3*y = -8*d + 20. What is the units digit of d?
2
Let q(y) = 3*y**3 - 4 - 2*y**3 + 4*y**2 + 0*y**3. What is the units digit of q(-3)